ermine l(-30).
-8
Let c(t) = -494*t - 16792. What is c(-34)?
4
Let w(u) = -2*u**2 + 22*u - 8. Give w(16).
-168
Let o(h) = 47594*h - 13. Determine o(0).
-13
Let f(j) = j**2 - 3379*j - 6767. What is f(-2)?
-5
Let s(b) = 5*b**2 + 83*b + 345. Give s(-9).
3
Let a(w) = 1523*w - 85291. Determine a(56).
-3
Let d(k) = -22*k**2 + 1584*k. Determine d(72).
0
Let w(l) = -4*l**2 - 46*l + 269. Give w(5).
-61
Let t(o) = -2*o**2 - 14*o - 413. Give t(0).
-413
Let g(a) = -24*a**3 - 12*a**2 + a + 4. Calculate g(-2).
146
Let l(s) = 10*s + 456. Determine l(-44).
16
Let m(l) = 93*l + 553. Give m(-6).
-5
Let c(o) = -3*o**2 - 55*o - 26. Calculate c(-16).
86
Let u(c) = 13*c + 27. Give u(-6).
-51
Let k(g) = 5*g**3 + 6*g**2 + 3*g + 1. Determine k(-2).
-21
Let q(x) = 3*x**3 + 98*x**2 - 635*x - 12. Calculate q(6).
354
Let x(y) = -y**2 + 123*y + 3079. Determine x(-21).
55
Let d(w) = 3*w**2 + 48*w - 410. Give d(8).
166
Let z(o) = -o**2 - 177*o + 542. Determine z(-180).
2
Let h(z) = -17*z - 1318. Calculate h(-70).
-128
Let n(f) = f**2 + 12*f - 100. Determine n(6).
8
Let q(r) = -12*r - 1356. What is q(-115)?
24
Let a(k) = -k**3 + 8*k**2 + 16*k + 26. Calculate a(12).
-358
Let f(g) = 64*g + 9201. Calculate f(-145).
-79
Let b(k) = 2*k**3 - 30*k**2 + k - 5. Calculate b(15).
10
Let b(x) = -75*x - 5625. What is b(-75)?
0
Let h(r) = -17*r + 48. Give h(20).
-292
Let g(k) = k**3 - 44*k**2 - 465*k - 641. Give g(53).
-5
Let l(p) = -98*p + 569. Give l(8).
-215
Let o(y) = 94*y - 1468. Calculate o(16).
36
Let w(k) = -2*k**3 - 429*k**2 + 649*k + 210. What is w(-216)?
-6
Let c(n) = -8*n**2 - 40*n + 531. Give c(-11).
3
Let g(c) = 38*c - 1319. Calculate g(37).
87
Let t(r) = -r**2 - 50*r - 580. Give t(-22).
36
Let x(r) = r**3 - 4*r**2 + 8*r + 32. Calculate x(0).
32
Let s(j) = -243*j**3 - 3*j**2 - 21*j + 23. What is s(1)?
-244
Let q(s) = -s**3 + 8*s**2 - 14*s + 7. Determine q(5).
12
Let s(t) = t**3 - 20*t**2 - 4*t + 18. What is s(20)?
-62
Let g(w) = -399*w**3 - 6*w**2 + 6*w + 13. Calculate g(-1).
400
Let f(v) = 1935*v + 32958. Give f(-17).
63
Let l(a) = -9*a**2 - 162*a - 118. Give l(-17).
35
Let y(b) = b**2 - 86*b + 1867. Calculate y(48).
43
Let d(x) = x**3 - 18*x - 18. Determine d(-1).
-1
Let z(w) = -11*w**2 + 1208*w + 223. Give z(110).
3
Let z(y) = -y**3 + 14*y**2 - 24*y - 33. Determine z(11).
66
Let s(k) = -4*k**2 - 174*k - 1845. What is s(-25)?
5
Let l(c) = -95*c**2 - 280*c + 7. Give l(-3).
-8
Let y(l) = 2*l**3 - 159*l**2 + 2810*l - 59. Give y(53).
-6
Let b(y) = -195*y**2 + 1171*y + 9. Give b(6).
15
Let p(a) = -a**3 - 42*a**2 + 47*a + 104. What is p(-43)?
-68
Let l(i) = -i**3 + 19*i**2 + 17*i + 82. Calculate l(20).
22
Let p(s) = 2*s**2 + 23*s + 79. Determine p(-5).
14
Let x(w) = 7113*w - 1. Determine x(0).
-1
Let l(z) = -3*z**3 + 107*z**2 + 27*z - 59. Give l(36).
-383
Let y(c) = -32*c + 9. Give y(1).
-23
Let d(b) = b**3 - 17*b**2 - 289*b + 5041. Determine d(17).
128
Let w(z) = -438*z + 455. Calculate w(1).
17
Let l(b) = 288*b + 984. Calculate l(-5).
-456
Let t(b) = -b**3 - 40*b**2 - 3*b - 148. Calculate t(-40).
-28
Let p(v) = -v**3 - 106*v**2 + 1284*v - 357. Calculate p(-117).
-6
Let b(p) = 3*p**2 - 31*p + 31. Give b(10).
21
Let y(r) = -133*r + 936. What is y(7)?
5
Let z(k) = 8*k**2 - 61*k + 35. Calculate z(9).
134
Let w(v) = v**2 + 8*v + 153. Calculate w(-8).
153
Let m(q) = 3*q**2 - 65*q + 8. What is m(21)?
-34
Let q(f) = -f**3 - 9*f**2 - 16*f - 35. Calculate q(-10).
225
Let n(i) = -i**3 - 21*i**2 - 24*i - 40. Determine n(-9).
-796
Let f(u) = u**3 + 254*u**2 - 512*u - 11. Give f(2).
-11
Let y(q) = q**2 + 597*q - 94518. Determine y(130).
-8
Let x(f) = 49027*f - 98057. What is x(2)?
-3
Let j(v) = -3*v**2 - 72*v - 138. Give j(-23).
-69
Let v(k) = -70*k - 9382. What is v(-134)?
-2
Let n(g) = -34*g + 410. Give n(-2).
478
Let b(a) = -a**3 + 19*a**2 - 50*a - 107. Calculate b(15).
43
Let q(l) = l**3 - l**2 - 37*l - 31. Calculate q(7).
4
Let b(s) = 2*s**2 + 65*s + 101. Give b(-37).
434
Let b(k) = -k**3 + 2*k**2 - 5*k + 5. Determine b(2).
-5
Let t(g) = 2*g**3 - 8*g**2 - 106*g - 126. Determine t(10).
14
Let q(p) = -222*p - 2298. Determine q(-10).
-78
Let v(y) = 2*y**3 + 14*y**2 + 382*y + 2670. Give v(-7).
-4
Let h(t) = -685*t + 7529. What is h(11)?
-6
Let x(q) = -3468*q - 13881. Determine x(-4).
-9
Let g(a) = 28*a - 3. Calculate g(3).
81
Let h(j) = -j**2 + 32*j + 1582. Give h(-27).
-11
Let n(r) = -r**2 + 129*r + 20012. Give n(220).
-8
Let m(u) = u**3 + 39*u**2 + 60*u + 844. What is m(-38)?
8
Let s(g) = -36*g - 1951. What is s(-55)?
29
Let i(f) = -38*f - 440. Determine i(-7).
-174
Let d(m) = -m**3 + 63*m**2 + 116*m - 3327. Calculate d(64).
1
Let i(f) = 286*f - 11156. Determine i(39).
-2
Let y(j) = j**2 - 11*j - 164. Give y(-5).
-84
Let m(n) = 350*n - 52847. Give m(151).
3
Let u(a) = 44544*a - 133629. What is u(3)?
3
Let b(x) = -428*x + 80. Give b(0).
80
Let g(y) = 16*y - 2017. Determine g(126).
-1
Let b(g) = 31*g + 75. Give b(-4).
-49
Let n(f) = 4*f**2 + 971*f - 255. Calculate n(-243).
-12
Let y(a) = -a**3 - 9*a**2 + 24*a + 149. What is y(-6)?
-103
Let g(t) = 2*t**2 + 3*t - 211. Determine g(-14).
139
Let c(y) = -y**3 + 26*y**2 - 141*y - 11. Calculate c(14).
367
Let l(k) = -14*k**2 + 26*k - 43. What is l(4)?
-163
Let a(m) = -722*m + 51997. Calculate a(72).
13
Let w(u) = 8*u**2 + 10*u - 356. Determine w(6).
-8
Let t(n) = 10930*n - 32770. What is t(3)?
20
Let h(o) = -o**3 + 10*o**2 - 22*o + 11. Calculate h(7).
4
Let x(w) = -w**3 - 34*w**2 - 217*w + 168. What is x(-25)?
-32
Let u(m) = m**3 - 27*m**2 - 32*m + 147. Give u(28).
35
Let p(m) = -83*m - 2849. Calculate p(-34).
-27
Let i(s) = -2*s**2 - 49*s - 15. Determine i(-24).
9
Let m(p) = -5*p**2 + 9*p + 2. Calculate m(7).
-180
Let o(y) = -2*y**3 - 50*y**2 + 69*y + 452. What is o(-26)?
10
Let o(h) = -8*h - 246. Calculate o(-10).
-166
Let m(y) = -y**2 + 17*y + 1. Determine m(-6).
-137
Let a(t) = t**2 + 29*t + 6. What is a(0)?
6
Let m(q) = -q**2 + 40*q - 31. What is m(32)?
225
Let d(u) = -2*u**2 + 676*u - 55771. Calculate d(195).
-1
Let z(x) = -6*x + 69. Give z(-16).
165
Let t(s) = -89*s + 792. Determine t(9).
-9
Let q(n) = 20*n**2 + 8*n + 13. What is q(-2)?
77
Let f(v) = 397*v - 115897. Give f(292).
27
Let q(k) = 7634*k + 76353. Give q(-10).
13
Let z(b) = 3*b**3 + b**2 - 2*b. Calculate z(-2).
-16
Let m(p) = -p**2 - 35*p + 503. Give m(11).
-3
Let d(x) = -2*x**3 - 25*x**2 + 12*x + 87. Give d(-13).
100
Let o(b) = -1579*b + 1606. Calculate o(1).
27
Let b(i) = -1659*i + 192445. Calculate b(116).
1
Let x(h) = 65*h**2 + 196*h - 10. Give x(-3).
-13
Let z(h) = -184*h + 4579. What is z(25)?
-21
Let g(s) = -s**3 - 42*s**2 - 441*s - 11. Determine g(-15).
529
Let x(j) = 65*j + 315. Calculate x(-4).
55
Let u(s) = 46*s**2 - 780*s + 23. Determine u(17).
57
Let b(y) = -y**3 + 26*y**2 - 114*y - 14. Give b(20).
106
Let j(p) = -p**2 + 7*p + 2. Calculate j(1).
8
Let h(d) = -1335*d - 6648. Give h(-5).
27
Let w(d) = -100*d + 376. Determine w(3).
76
Let f(l) = 4*l - 13. What is f(9)?
23
Let d(y) = 3*y**3 - 2*y**2 + 10*y + 27. Determine d(-2).
-25
Let s(i) = 2*i**3 + 11*i**2 + 156*i + 767. Determine s(-5).
12
Let r(b) = -18*b + 1051. What is r(60)?
-29
Let l(t) = -t**3 - 11*t**2 + 4*t + 32. Calculate l(-11).
-12
Let q(k) = 1048*k - 2114. Calculate q(2).
-18
Let u(r) = -175*r - 32712. Give u(-187).
13
Let q(v) = -v**3 - 58*v**2 + 359*v - 1600. Give q(-64).
0
Let j(h) = -5*h**3 + 29*h**2 - 32*h + 56. What is j(5)?
-4
Let o(s) = s**3 + 5*s**2 - 39*s - 37. Determine o(-6).
161
Let x(y) = -28569*y + 171411. Calculate x(6).
-3
Let a(i) = 3*i**3 - 6*i**2 - 4*i - 9. What is a(3)?
6
Let g(a) = -a**3 + 20*a**2 + 529*a - 12. Give g(35).
128
Let o(a) = 2*a**2 - 453*a + 15922. Determine o(183).
1
Let q(u) = -1040*u**2 + 5199*u - 15. Give q(5).
-20
Let y(j) = 203*j - 423. Determine y(2).
-17
Let d(o) = 26*o**2 - 2302*o - 1053. Determine d(89).
15
Let j(u) = -132*u + 9963. Give j(76).
-69
Let l(j) = -2*j**2 - 90*j - 572. Determine l(-39).
-104
Let v(q) = -185*q - 1095. Determine v(-6).
15
Let f(a) = 44*a - 1353. Determine f(45).
627
Let j(y) = -33*y - 271. Give j(-9).
26
Let z(c) = -22*c - 1112. Give z(-51).
10
Let i(l) = 16*l + 178. What is i(16)?
434
Let h(j) = 44*j - 34. What is h(-2)?
-122
Let y(u) = u**3 + 10*u**2 - 24*u + 24. Give y(-13).
-171
Let b(h) = -h**3 - 29*h**2 + 34. Calculate b(-